- 5044, -1104*j - 6279 = -1109*j - 3*w. Calculate the highest common factor of j and 6533.
139
Let b be (4 + -3)*-177*(-138)/18. Calculate the highest common divisor of b and 531.
59
Suppose 4*q + 2*v - 62 = 0, -11*q - 2*v = -8*q - 45. Calculate the highest common factor of 68 and q.
17
Let b be (228/48)/((-2298)/576 + 4). Calculate the greatest common factor of 1748 and b.
76
Let t be (-1)/(-1)*(-3)/(-1 - 2). Let g be (0 - t)*-1*-1. Let x be 3 + (11 + g - 2/(-1)). Calculate the greatest common divisor of x and 105.
15
Let v(i) = -2*i**3 + 78*i**2 - 397*i + 14. Let o be v(6). Let w(h) = -9 + 6*h - 9 + 2. Let s be w(o). What is the greatest common divisor of s and 32?
32
Let p be -1*(2/(-1))/2. Let c(i) = -2*i**2 + 17*i + 22. Let o be c(9). Calculate the highest common divisor of p and o.
1
Suppose -1427 - 4137 = -13*v. Let i = v + -230. What is the highest common divisor of i and 63?
9
Let g(c) = c**3 - 18*c**2 + 25*c + 20. Let w be g(17). Let o be (52/(-5))/((-14)/(-35))*-8. What is the highest common factor of o and w?
52
Let s(j) = 117*j - 1782. Let y be s(19). What is the highest common divisor of 3276 and y?
63
Suppose -167*s + 12601 = -23972. Calculate the highest common factor of 13067 and s.
73
Suppose 3*l = -5*q + 68 + 66, 2*q = 4*l + 64. Suppose -o + 2*o = 5*t + 80, 0 = 2*t - 5*o + 9. Let b = 24 + t. What is the greatest common factor of b and q?
7
Let y be (36660/(-47))/(-4 - 13/(-4)). What is the highest common divisor of y and 100?
20
Let p be (-21)/14*(-38)/(-3). Let s(t) = -2*t**2 - 37*t + 63. Let v be s(p). Calculate the greatest common factor of v and 8.
4
Suppose -6291 = -f + 4*v, f - 5868 - 419 = 3*v. Calculate the greatest common factor of 25 and f.
25
Let y(o) = -o**3 - 18*o**2 + 84*o - 3. Let f be y(-22). Calculate the highest common divisor of f and 135.
5
Suppose -17*d - 27*d + 1239 = 15*d. Calculate the greatest common factor of 2121 and d.
21
Suppose 0 = 2*v + 9*v - 143. Let z = 363 + -259. What is the highest common factor of z and v?
13
Let h be 4/5 - (-6)/5. Suppose 4*d - 32 = d - 4*b, -5*b + 26 = h*d. Let p = 123 - 121. Calculate the greatest common divisor of p and d.
2
Let g(z) = -z**3 + 37*z**2 - 130*z - 38. Let c be g(33). Let v be 3*2/9*18. Calculate the greatest common factor of v and c.
4
Suppose 2*r = r + 2*n + 9, 0 = -3*n + 6. Let b = -40311 - -40571. What is the greatest common divisor of b and r?
13
Let l be (-154)/4 + (-3)/(-2). Let m = 20 + l. Let d = m - -36. What is the greatest common factor of 76 and d?
19
Suppose -2*a + 26*o - 12 = 30*o, 66 = -5*a - o. Let q be 5/(-10)*a*(-258)/(-21). What is the greatest common factor of 4 and q?
2
Let o(k) = -k**2 + 3*k + 5. Let b be o(0). Suppose 105 = b*q - 95. Suppose 4*y = -4*y + q. What is the greatest common divisor of 1 and y?
1
Suppose -43378 = -427*l - 14342. What is the greatest common divisor of l and 508?
4
Let t = -37 - -1562. Calculate the greatest common factor of 75 and t.
25
Let z be -1*(-1 - 4*(3 - 4)). Let a = z + 83. Calculate the highest common divisor of a and 32.
16
Let a = 465 + -234. Let v = 136 + -70. Suppose -x - x = 4*p - 66, 2*x - 2*p = v. Calculate the greatest common divisor of a and x.
33
Let s = 43 - 43. Suppose 13 = -4*f + 5*z - 8, s = -4*z + 20. Let n(a) = 70*a**3 - a**2 + a. Let v be n(f). Calculate the greatest common factor of v and 28.
14
Let c = -8 + 14. Let l(v) = 4*v**2 + 149*v + 443. Let g be l(-3). Calculate the greatest common factor of c and g.
2
Let u(x) = -563*x - 2303. Let q be u(-5). What is the highest common factor of q and 112?
16
Let a(f) = -11*f - 1. Suppose -4*r + 4*n + 10 = -3*r, 4*r - 4*n + 8 = 0. Let q be a(r). What is the highest common factor of 13 and q?
13
Suppose 102*i + 345 = 103*i - l, -4*i + 1383 = -3*l. Calculate the highest common factor of i and 24.
12
Let t = 5 - 2. Let r = t - -55. Let o = r + -50. Calculate the highest common factor of 16 and o.
8
Suppose -2*w - 3*h + 653 = 0, 3*h - 901 - 77 = -3*w. What is the highest common factor of 585 and w?
65
Let g = 205 + 705. Calculate the highest common factor of g and 39.
13
Suppose -388*b + 391*b + 2*l - 80 = 0, 24 = 6*l. What is the highest common factor of b and 3642?
6
Suppose 2*g + 2*o - 19 = 49, 3*o = 12. Suppose 71*a - 5592 + 906 = 0. Calculate the greatest common factor of g and a.
6
Let z(r) = 3*r**2 + 5*r + 30. Let u(v) = 2*v - 14. Let l be u(3). Let p be z(l). Calculate the highest common divisor of 14 and p.
14
Let v be 9/((-45)/(-14))*-110. Let b = -190 - v. Suppose -9*y + b = 19. Calculate the greatest common divisor of y and 11.
11
Let b be 53 + (3 + -1 - 4). Suppose -3*y + 135 - b = 0. Let k(r) = 2*r**2 + 9*r + 2. Let d be k(4). What is the highest common factor of d and y?
14
Suppose 3*o - 2*c - 2*c = 16, -3*o - 5*c - 20 = 0. Suppose o = -22*k + 27*k - 125. Calculate the highest common divisor of k and 200.
25
Let a(b) = -b**3 + 11*b**2 - 5*b + 13. Let m be a(10). Suppose 4*p + 34 = 4*q - 230, 2*p - m = -q. What is the highest common factor of q and 5?
5
Let v(p) be the third derivative of -p**5/30 + 11*p**4/12 + 6*p**3 + 2*p**2 + 38. Let t be v(12). What is the greatest common divisor of t and 6?
6
Let w(m) = -244*m - 60. Let a be w(-1). What is the highest common factor of a and 112?
8
Let d = -13396 - -13474. What is the highest common factor of 8138 and d?
26
Let y = 17197 + -8091. What is the greatest common factor of 314 and y?
314
Let z be (-2 - (6 + 0)) + -1. Let x be 2/(-6)*z*(1 + 0). Suppose -2*f = 4*o - 58, 2*o - 24 + 10 = 2*f. Calculate the greatest common factor of x and o.
3
Let g be 4 + -14 + 1 - -54. Suppose k - 11 = 13. Suppose k = j - 6. Calculate the greatest common factor of j and g.
15
Suppose -3*y = -1 - 119. Let c(r) = -r**2 + 33*r - 12. Let s be c(24). Suppose -2304 = -21*b - s. Calculate the greatest common factor of b and y.
20
Suppose 38 = 4*d - 2*d - 4*p, d - p = 15. Let y = -5594 - -6375. Calculate the greatest common factor of y and d.
11
Let o = 28310 + -28296. What is the highest common divisor of o and 16618?
14
Let m be (3189375/(-200))/(-15) + ((-1)/8)/1. Calculate the highest common divisor of m and 1.
1
Suppose -2329*x = -2310*x - 4369 - 28843. Calculate the highest common divisor of x and 228.
76
Suppose -327*x + 2716 = -554. Let d be ((-2)/4)/((-3)/336). Suppose 10 = 2*g, -2*b + d = -3*g - 69. What is the highest common factor of x and b?
10
Let w be ((-36)/(-180))/(4/(-8)) + 1904/10. What is the greatest common divisor of 43130 and w?
190
Suppose 104 = 10*k - 9*k. Suppose a + 2*i - 4 = -0, a + 3*i = 2. Calculate the greatest common factor of k and a.
8
Let k = -433 - -445. Let z(t) = -2*t + 18. Let g be z(3). What is the highest common factor of g and k?
12
Let r = -29271 + 30220. What is the highest common factor of r and 975?
13
Let i be (-2 - 6 - -5)*52/(-12). What is the highest common factor of 481 and i?
13
Let m(g) = -224*g + 8970. Let a be m(40). Let c be -1 - -6*(1 + 0). Suppose -j + c + 5 = 2*u, -3*u - 40 = -4*j. What is the greatest common divisor of j and a?
10
Let h be ((-48)/(-30))/(2/(-10)). Let d = -5 - h. Suppose -2*q - 3 = d, 240 = m - 3*q. Calculate the greatest common divisor of m and 21.
21
Let n(v) = 46*v + 5. Let y be n(4). Let t be (128/(-12))/((-8)/(-132)). Let l = 183 + t. Calculate the highest common factor of y and l.
7
Let o(x) = 3*x**3 + 9*x + 27. Let d be o(3). What is the greatest common factor of d and 192?
3
Suppose -8*v - 49 = -89. Suppose -3*d = -83 + 17. Suppose 5*l + 2*u = 100, 3*u + 18 = 2*l - d. What is the greatest common divisor of v and l?
5
Suppose 124 = 346*y - 342*y. What is the greatest common divisor of 31 and y?
31
Suppose 42 = 4*u - 3*r + r, -u - 2 = -3*r. Suppose -27*g = -u*g - 560. Suppose s = -1 + 101. Calculate the greatest common factor of g and s.
20
Suppose 2*r - 24 + 12 = 0. Suppose r*l + 29*l = 2240. What is the greatest common factor of l and 288?
32
Let i = -33 - -41. Let p be (127/2)/((-4)/(-8)). Suppose -2*q + 124 = -4*j, 2*q - 6*j = -j + p. What is the highest common divisor of q and i?
8
Suppose 2*o + 5*l = 231 - 87, 252 = 4*o + l. Let q be o + (-2 - -5 - 4). Suppose -5*y = -9 - q. What is the highest common factor of 56 and y?
14
Let v = -57 - -121. Let k be (-22)/8 + (-16)/v. Let m be -1 - (-22 + (k - -7)). Calculate t